{"id":380,"date":"2021-04-17T10:09:03","date_gmt":"2021-04-17T10:09:03","guid":{"rendered":"https:\/\/nauthemes.com\/wp\/neurology\/?page_id=380"},"modified":"2024-12-19T18:14:14","modified_gmt":"2024-12-19T17:14:14","slug":"our-services","status":"publish","type":"page","link":"https:\/\/cliniquelavallee.ma\/?page_id=380","title":{"rendered":"Psychiatrie"},"content":{"rendered":"\t\t<div data-elementor-type=\"wp-page\" data-elementor-id=\"380\" class=\"elementor elementor-380\">\n\t\t\t\t\t\t<section class=\"elementor-section elementor-top-section elementor-element elementor-element-cf63c4e elementor-section-full_width elementor-section-stretched elementor-section-height-default elementor-section-height-default\" data-id=\"cf63c4e\" data-element_type=\"section\" data-settings=\"{&quot;stretch_section&quot;:&quot;section-stretched&quot;}\">\n\t\t\t\t\t\t<div class=\"elementor-container elementor-column-gap-no\">\n\t\t\t\t\t<div class=\"elementor-column elementor-col-100 elementor-top-column elementor-element elementor-element-a3be5dd\" data-id=\"a3be5dd\" data-element_type=\"column\">\n\t\t\t<div class=\"elementor-widget-wrap elementor-element-populated\">\n\t\t\t\t\t\t<div class=\"elementor-element elementor-element-767d2e3 elementor-widget elementor-widget-services_grid\" data-id=\"767d2e3\" data-element_type=\"widget\" data-widget_type=\"services_grid.default\">\n\t\t\t\t<div class=\"elementor-widget-container\">\n\t\t\t\t\t\t\n\t\t \n\t<section class = \"serv-grid\">\n\t\t<div class=\"w-100 pt-40 white-layer opc95 pb-100 position-relative\">\n\t\t\t<div class=\"container\">\n\t\t\t\t\t\t\t\t<div class=\"serv-wrap2 res-row position-relative w-100\">\n\t\t\t\t\t<div class=\"row mrg30\">\n\t\t\t\t\t\t\t\t\t\t\t\t\t\n\t\t\t\t\t\t\t\t<div class=\"col-md-6 col-sm-6 col-lg-4\">\n\t\t\t\t\t\t\t\t\t<div class=\"serv-box2 v2 position-relative w-100\">\n\t\t\t\t\t\t\t\t\t\t<div class=\"serv-img2 brd-rd10 position-relative overflow-hidden w-100\">\n\t\t\t\t\t\t\t\t\t\t\t\t\t\t\t\t\t\t\t\t\t\t\t<img decoding=\"async\" class=\"img-fluid w-100\" src=\"https:\/\/cliniquelavallee.ma\/wp-content\/uploads\/bfi_thumb\/top-view-doctor-using-laptop-clipboard-1-qygcyn7ncumsx9rvr4we3vhjz7vxms2obgvg1ttq5k.jpg\" alt=\"\">\n\t\t\t\t\t\t\t\t\t\t\t\t<a class=\"position-absolute\" href=\"https:\/\/cliniquelavallee.ma\/?services=suivi-et-decharge\" title=\"\"><i class=\"flaticon-plus\"><\/i><\/a>\n\t\t\t\t\t\t\t\t\t\t\t\t\t\t\t\t\t\t\t\t\t<\/div>\n\t\t\t\t\t\t\t\t\t\t<div class=\"serv-info2 w-100 position-absolute\">\n\t\t\t\t\t\t\t\t\t\t\t<h3 class=\"mb-0\"><a href=\"https:\/\/cliniquelavallee.ma\/?services=suivi-et-decharge\">Suivi et d\u00e9charge<\/a><\/h3>\n\t\t\t\t\t\t\t\t\t\t<\/div>\n\t\t\t\t\t\t\t\t\t<\/div>\n\t\t\t\t\t\t\t\t<\/div>\n\t\t\t\t\t\t\t\t\t\t\t\t\t\t\t\n\t\t\t\t\t\t\t\t<div class=\"col-md-6 col-sm-6 col-lg-4\">\n\t\t\t\t\t\t\t\t\t<div class=\"serv-box2 v2 position-relative w-100\">\n\t\t\t\t\t\t\t\t\t\t<div class=\"serv-img2 brd-rd10 position-relative overflow-hidden w-100\">\n\t\t\t\t\t\t\t\t\t\t\t\t\t\t\t\t\t\t\t\t\t\t\t<img decoding=\"async\" class=\"img-fluid w-100\" src=\"https:\/\/cliniquelavallee.ma\/wp-content\/uploads\/bfi_thumb\/assistance-sociale-qygco1l6a44dzl67njxuzjsess4wtnznj00b7hjkbs.jpg\" alt=\"\">\n\t\t\t\t\t\t\t\t\t\t\t\t<a class=\"position-absolute\" href=\"https:\/\/cliniquelavallee.ma\/?services=assistance-sociale\" title=\"\"><i class=\"flaticon-plus\"><\/i><\/a>\n\t\t\t\t\t\t\t\t\t\t\t\t\t\t\t\t\t\t\t\t\t<\/div>\n\t\t\t\t\t\t\t\t\t\t<div class=\"serv-info2 w-100 position-absolute\">\n\t\t\t\t\t\t\t\t\t\t\t<h3 class=\"mb-0\"><a href=\"https:\/\/cliniquelavallee.ma\/?services=assistance-sociale\">Assistance sociale<\/a><\/h3>\n\t\t\t\t\t\t\t\t\t\t<\/div>\n\t\t\t\t\t\t\t\t\t<\/div>\n\t\t\t\t\t\t\t\t<\/div>\n\t\t\t\t\t\t\t\t\t\t\t\t\t\t\t\n\t\t\t\t\t\t\t\t<div class=\"col-md-6 col-sm-6 col-lg-4\">\n\t\t\t\t\t\t\t\t\t<div class=\"serv-box2 v2 position-relative w-100\">\n\t\t\t\t\t\t\t\t\t\t<div class=\"serv-img2 brd-rd10 position-relative overflow-hidden w-100\">\n\t\t\t\t\t\t\t\t\t\t\t\t\t\t\t\t\t\t\t\t\t\t\t<img decoding=\"async\" class=\"img-fluid w-100\" src=\"https:\/\/cliniquelavallee.ma\/wp-content\/uploads\/bfi_thumb\/53EA9AEC-F02F-493D-A778-5A0CA9DE04F9-1-qygcdvxyfk7uj9xbynvzjm23pw74neo2gq8fiulpk8.jpg\" alt=\"\">\n\t\t\t\t\t\t\t\t\t\t\t\t<a class=\"position-absolute\" href=\"https:\/\/cliniquelavallee.ma\/?services=therapies-complementaires\" title=\"\"><i class=\"flaticon-plus\"><\/i><\/a>\n\t\t\t\t\t\t\t\t\t\t\t\t\t\t\t\t\t\t\t\t\t<\/div>\n\t\t\t\t\t\t\t\t\t\t<div class=\"serv-info2 w-100 position-absolute\">\n\t\t\t\t\t\t\t\t\t\t\t<h3 class=\"mb-0\"><a href=\"https:\/\/cliniquelavallee.ma\/?services=therapies-complementaires\">Th\u00e9rapies Compl\u00e9mentaires<\/a><\/h3>\n\t\t\t\t\t\t\t\t\t\t<\/div>\n\t\t\t\t\t\t\t\t\t<\/div>\n\t\t\t\t\t\t\t\t<\/div>\n\t\t\t\t\t\t\t\t\t\t\t\t\t\t\t\n\t\t\t\t\t\t\t\t<div class=\"col-md-6 col-sm-6 col-lg-4\">\n\t\t\t\t\t\t\t\t\t<div class=\"serv-box2 v2 position-relative w-100\">\n\t\t\t\t\t\t\t\t\t\t<div class=\"serv-img2 brd-rd10 position-relative overflow-hidden w-100\">\n\t\t\t\t\t\t\t\t\t\t\t\t\t\t\t\t\t\t\t\t\t\t\t<img decoding=\"async\" class=\"img-fluid w-100\" src=\"https:\/\/cliniquelavallee.ma\/wp-content\/uploads\/bfi_thumb\/mental-health-care-sketch-diagram-1-qyddse2kjaz36o3q8vugwzp3sqq9gy2nivurgshwh4.jpg\" alt=\"\">\n\t\t\t\t\t\t\t\t\t\t\t\t<a class=\"position-absolute\" href=\"https:\/\/cliniquelavallee.ma\/?services=psychotherapie\" title=\"\"><i class=\"flaticon-plus\"><\/i><\/a>\n\t\t\t\t\t\t\t\t\t\t\t\t\t\t\t\t\t\t\t\t\t<\/div>\n\t\t\t\t\t\t\t\t\t\t<div class=\"serv-info2 w-100 position-absolute\">\n\t\t\t\t\t\t\t\t\t\t\t<h3 class=\"mb-0\"><a href=\"https:\/\/cliniquelavallee.ma\/?services=psychotherapie\">Psychoth\u00e9rapie<\/a><\/h3>\n\t\t\t\t\t\t\t\t\t\t<\/div>\n\t\t\t\t\t\t\t\t\t<\/div>\n\t\t\t\t\t\t\t\t<\/div>\n\t\t\t\t\t\t\t\t\t\t\t\t\t\t\t\n\t\t\t\t\t\t\t\t<div class=\"col-md-6 col-sm-6 col-lg-4\">\n\t\t\t\t\t\t\t\t\t<div class=\"serv-box2 v2 position-relative w-100\">\n\t\t\t\t\t\t\t\t\t\t<div class=\"serv-img2 brd-rd10 position-relative overflow-hidden w-100\">\n\t\t\t\t\t\t\t\t\t\t\t\t\t\t\t\t\t\t\t\t\t\t\t<img decoding=\"async\" class=\"img-fluid w-100\" src=\"https:\/\/cliniquelavallee.ma\/wp-content\/uploads\/bfi_thumb\/person-suffering-from-ptsd-psychologist-1-qyddrh67w3q1wbfikzmizpzz098ezjg1qd0ro3uoiw.jpg\" alt=\"\">\n\t\t\t\t\t\t\t\t\t\t\t\t<a class=\"position-absolute\" href=\"https:\/\/cliniquelavallee.ma\/?services=trouble-psychiatrique\" title=\"\"><i class=\"flaticon-plus\"><\/i><\/a>\n\t\t\t\t\t\t\t\t\t\t\t\t\t\t\t\t\t\t\t\t\t<\/div>\n\t\t\t\t\t\t\t\t\t\t<div class=\"serv-info2 w-100 position-absolute\">\n\t\t\t\t\t\t\t\t\t\t\t<h3 class=\"mb-0\"><a href=\"https:\/\/cliniquelavallee.ma\/?services=trouble-psychiatrique\">Troubles psychiatriques<\/a><\/h3>\n\t\t\t\t\t\t\t\t\t\t<\/div>\n\t\t\t\t\t\t\t\t\t<\/div>\n\t\t\t\t\t\t\t\t<\/div>\n\t\t\t\t\t\t\t\t\t\t\t\t<\/div>\n\t\t\t\t<\/div><!-- Services Wrap 2 -->\n\t\t\t\t\t\t\t\t\t<div class=\"pagination-wrap mt-60 text-center w-100\">\n\t\t\t\t\t\t<div class=\"pagination-inner d-inline-block\">\n\t\t\t\t\t\t\t<ul class=\"pagination mb-0\">\n\t\t\t\t\t\t\t\t\t\t\t\t\t\t\t<\/ul>\n\t\t\t\t\t\t<\/div>\n\t\t\t\t\t<\/div><!-- Pagination Wrap -->\n\t\t\t\t\t\t\t<\/div>\n\t\t<\/div>\n\t<\/section>\n\t\n\t\t\n\t\t\n\t\n    \t\t\t\t<\/div>\n\t\t\t\t<\/div>\n\t\t\t\t\t<\/div>\n\t\t<\/div>\n\t\t\t\t\t<\/div>\n\t\t<\/section>\n\t\t\t\t<\/div>\n\t\t","protected":false},"excerpt":{"rendered":"<p>Suivi et d\u00e9charge Assistance sociale Th\u00e9rapies Compl\u00e9mentaires Psychoth\u00e9rapie Troubles psychiatriques<\/p>\n","protected":false},"author":1,"featured_media":0,"parent":0,"menu_order":0,"comment_status":"closed","ping_status":"closed","template":"","meta":{"footnotes":""},"class_list":["post-380","page","type-page","status-publish","hentry"],"_links":{"self":[{"href":"https:\/\/cliniquelavallee.ma\/index.php?rest_route=\/wp\/v2\/pages\/380","targetHints":{"allow":["GET"]}}],"collection":[{"href":"https:\/\/cliniquelavallee.ma\/index.php?rest_route=\/wp\/v2\/pages"}],"about":[{"href":"https:\/\/cliniquelavallee.ma\/index.php?rest_route=\/wp\/v2\/types\/page"}],"author":[{"embeddable":true,"href":"https:\/\/cliniquelavallee.ma\/index.php?rest_route=\/wp\/v2\/users\/1"}],"replies":[{"embeddable":true,"href":"https:\/\/cliniquelavallee.ma\/index.php?rest_route=%2Fwp%2Fv2%2Fcomments&post=380"}],"version-history":[{"count":8,"href":"https:\/\/cliniquelavallee.ma\/index.php?rest_route=\/wp\/v2\/pages\/380\/revisions"}],"predecessor-version":[{"id":2227,"href":"https:\/\/cliniquelavallee.ma\/index.php?rest_route=\/wp\/v2\/pages\/380\/revisions\/2227"}],"wp:attachment":[{"href":"https:\/\/cliniquelavallee.ma\/index.php?rest_route=%2Fwp%2Fv2%2Fmedia&parent=380"}],"curies":[{"name":"wp","href":"https:\/\/api.w.org\/{rel}","templated":true}]}}